s divided by 18.
1
What is the remainder when 38332 is divided by 9563?
80
Calculate the remainder when 1746 is divided by 1689.
57
Calculate the remainder when 31277 is divided by 65.
12
Calculate the remainder when 1121 is divided by 44.
21
What is the remainder when 173147 is divided by 50?
47
What is the remainder when 5787 is divided by 412?
19
What is the remainder when 3640 is divided by 198?
76
What is the remainder when 4865 is divided by 100?
65
What is the remainder when 24028 is divided by 178?
176
Calculate the remainder when 5277 is divided by 528.
525
What is the remainder when 2857 is divided by 656?
233
Calculate the remainder when 20653 is divided by 2193.
916
Calculate the remainder when 6783 is divided by 115.
113
What is the remainder when 38122 is divided by 6301?
316
Calculate the remainder when 655 is divided by 645.
10
What is the remainder when 45182 is divided by 8?
6
Calculate the remainder when 168173 is divided by 582.
557
Calculate the remainder when 6533 is divided by 1495.
553
What is the remainder when 47885 is divided by 46?
45
Calculate the remainder when 67775 is divided by 560.
15
Calculate the remainder when 7313 is divided by 119.
54
Calculate the remainder when 25563 is divided by 342.
255
What is the remainder when 7315 is divided by 1219?
1
Calculate the remainder when 49139 is divided by 73.
10
Calculate the remainder when 1484 is divided by 546.
392
Calculate the remainder when 1784 is divided by 1477.
307
What is the remainder when 1974 is divided by 243?
30
What is the remainder when 3478 is divided by 1738?
2
Calculate the remainder when 241 is divided by 140.
101
Calculate the remainder when 67147 is divided by 3949.
14
What is the remainder when 16988 is divided by 3243?
773
What is the remainder when 10406 is divided by 911?
385
Calculate the remainder when 20788 is divided by 293.
278
What is the remainder when 120718 is divided by 40?
38
What is the remainder when 571152 is divided by 101?
98
What is the remainder when 22139 is divided by 1386?
1349
Calculate the remainder when 8348 is divided by 4144.
60
Calculate the remainder when 43086 is divided by 100.
86
Calculate the remainder when 919 is divided by 914.
5
What is the remainder when 56513 is divided by 527?
124
Calculate the remainder when 159455 is divided by 39813.
203
Calculate the remainder when 4354 is divided by 544.
2
Calculate the remainder when 2834 is divided by 390.
104
What is the remainder when 210833 is divided by 17?
16
Calculate the remainder when 3035 is divided by 1011.
2
Calculate the remainder when 30000 is divided by 129.
72
What is the remainder when 37842 is divided by 435?
432
Calculate the remainder when 3348 is divided by 3329.
19
Calculate the remainder when 1089897 is divided by 1038.
1035
What is the remainder when 1248242 is divided by 41?
38
What is the remainder when 37820 is divided by 109?
106
What is the remainder when 369308 is divided by 6155?
8
What is the remainder when 54360 is divided by 106?
88
Calculate the remainder when 778624 is divided by 35392.
0
Calculate the remainder when 131317 is divided by 129.
124
Calculate the remainder when 12308 is divided by 47.
41
What is the remainder when 8213 is divided by 158?
155
What is the remainder when 98686 is divided by 58?
28
Calculate the remainder when 6131 is divided by 5.
1
Calculate the remainder when 8708 is divided by 1596.
728
Calculate the remainder when 52299 is divided by 247.
182
Calculate the remainder when 356911 is divided by 371.
9
Calculate the remainder when 3448400 is divided by 19.
14
Calculate the remainder when 23989 is divided by 35.
14
Calculate the remainder when 26647 is divided by 555.
7
What is the remainder when 1202 is divided by 730?
472
What is the remainder when 5754 is divided by 36?
30
What is the remainder when 37896 is divided by 1351?
68
Calculate the remainder when 157988 is divided by 1019.
43
What is the remainder when 3198 is divided by 645?
618
Calculate the remainder when 1234 is divided by 1186.
48
Calculate the remainder when 268299 is divided by 380.
19
Calculate the remainder when 148928 is divided by 16547.
5
What is the remainder when 273 is divided by 47?
38
Calculate the remainder when 35291 is divided by 23.
9
Calculate the remainder when 35069 is divided by 21.
20
Calculate the remainder when 76974 is divided by 5920.
14
What is the remainder when 25346717 is divided by 530?
527
Calculate the remainder when 2461905 is divided by 1751.
1750
Calculate the remainder when 2803806 is divided by 28.
26
What is the remainder when 19829 is divided by 2504?
2301
Calculate the remainder when 5391 is divided by 1070.
41
Calculate the remainder when 5417 is divided by 1341.
53
Calculate the remainder when 20894 is divided by 34.
18
What is the remainder when 61868 is divided by 149?
33
Calculate the remainder when 983 is divided by 723.
260
Calculate the remainder when 787 is divided by 384.
19
Calculate the remainder when 8993 is divided by 186.
65
Calculate the remainder when 297380 is divided by 46.
36
Calculate the remainder when 698707 is divided by 1023.
1021
Calculate the remainder when 7476 is divided by 458.
148
Calculate the remainder when 104051 is divided by 18.
11
Calculate the remainder when 1035 is divided by 439.
157
What is the remainder when 4733 is divided by 104?
53
Calculate the remainder when 4464 is divided by 143.
31
Calculate the remainder when 4367 is divided by 405.
317
What is the remainder when 73121 is divided by 12?
5
What is the remainder when 23072 is divided by 1905?
212
Calculate the remainder when 3936 is divided by 22.
20
What is the remainder when 4555 is divided by 1850?
855
Calculate the remainder when 26831 is divided by 54.
47
What is the remainder when 60304 is divided by 928?
912
Calculate the remainder when 152412 is divided by 573.
567
What is the remainder when 40010 is divided by 29?
19
What is the remainder when 40203 is divided by 20093?
17
Calculate the remainder when 387098 is divided by 4554.
8
Calculate the remainder when 21815 is divided by 85.
55
Calculate the remainder when 40246 is divided by 1916.
10
Calculate the remainder when 14685 is divided by 44.
33
Calculate the remainder when 637947 is divided by 886.
27
Calculate the remainder when 792 is divided by 109.
29
Calculate the remainder when 141690 is divided by 100.
90
What is the remainder when 17430 is divided by 149?
146
What is the remainder when 333171 is divided by 292?
291
Calculate the remainder when 30741 is divided by 385.
326
What is the remainder when 24341 is divided by 505?
101
Calculate the remainder when 12927 is divided by 359.
3
What is the remainder when 1218 is divided by 108?
30
What is the remainder when 1276785 is divided by 103?
100
Calculate the remainder when 51060 is divided by 8503.
42
What is the remainder when 4477 is divided by 557?
21
Calculate the remainder when 4708 is divided by 46.
16
What is the remainder when 3510 is divided by 563?
132
What is the remainder when 1652588 is divided by 631?
630
What is the remainder when 297304 is divided by 58?
54
What is the remainder when 32685 is divided by 1124?
89
Calculate the remainder when 5942 is divided by 302.
204
Calculate the remainder when 37323 is divided by 292.
239
Calculate the remainder when 61335 is divided by 44.
43
What is the remainder when 7920 is divided by 2568?
216
What is the remainder when 32795 is divided by 917?
700
What is the remainder when 575 is divided by 84?
71
What is the remainder when 1525 is divided by 33?
7
Calculate the remainder when 403725 is divided by 16.
13
Calculate the remainder when 76620 is divided by 193.
192
Calculate the remainder when 2780 is divided by 453.
62
Calculate the remainder when 13638 is divided by 4537.
27
What is the remainder when 1981 is divided by 105?
91
What is the remainder when 43731 is divided by 56?
51
Calculate the remainder when 2622 is divided by 88.
70
What is the remainder when 4101 is divided by 593?
543
Calculate the remainder when 158443 is divided by 1191.
40
What is the remainder when 12786 is divided by 801?
771
What is the remainder when 16685 is divided by 49?
25
What is the remainder when 74402 is divided by 605?
592
What is th